*2 - 18*f - 456. What is the remainder when t(-11) is divided by 101?
4
Let h = 263 + -171. Suppose -2*f = -y - 112, 3*f - h = y + 6*f. Calculate the remainder when 25 is divided by y/12*3/(-2).
12
Let r be (-2 + 3 + -2)*-35. Let o = 43 - r. Suppose -3*u + 0*u + 66 = 0. What is the remainder when u is divided by o?
6
Suppose 0 = j + 3*l + 26 - 41, 0 = 3*j + l - 29. What is the remainder when (-2)/3 - (-158)/3 is divided by j?
7
Calculate the remainder when 30 is divided by (68/(-20) + 3)*10 - -25.
9
Suppose -4*m + 75*t + 422 = 73*t, 5*m + 5*t - 550 = 0. What is the remainder when m is divided by 95?
12
Suppose 0 = 3*z - 4*a - 69 - 11, 25 = 2*z + 3*a. What is the remainder when 77 is divided by z?
17
Let k = -188 - -218. Calculate the remainder when k is divided by 8.
6
Let q(g) = -g**3 + 36*g**2 + 30*g + 310. Calculate the remainder when 300 is divided by q(37).
45
Let o = 1739 - 1730. What is the remainder when o is divided by 6?
3
Let v(z) = 4*z - 12. Let f be v(6). Suppose 0 + f = n. Calculate the remainder when 55 is divided by n.
7
Suppose 3*u = -145 + 25. Calculate the remainder when 41 is divided by (u + -2)*3/(-6).
20
Let i be (-101)/3 - (-6)/(-18). Let d = i + 103. Calculate the remainder when d is divided by 9.
6
Let h = -49 + 143. Suppose n = 4 + 12. Calculate the remainder when h is divided by n.
14
Suppose -2 = 3*y - 14, l - 4*y - 118 = 0. What is the remainder when l is divided by 28?
22
Let p(c) = c**2 - 3*c - 6. Let s(l) = -l**2 - 4*l + 5. Let j be s(-4). What is the remainder when 14 is divided by p(j)?
2
Suppose 0 = -q + 6 + 4. Suppose -p - 2*p - 104 = -2*r, 0 = -3*p + 5*r - 98. Calculate the remainder when (p/q)/(1/(-5)) is divided by 7.
4
Let x(m) = m**3 + 7*m**2 + 9*m + 5. Let b be (2/(-4))/(1/12). Let z be x(b). Let i = 15 + z. Calculate the remainder when 7 is divided by i.
1
Suppose -85*b + 87*b = 16. Calculate the remainder when 39 is divided by b.
7
Let g(u) = -u - 11. Let b be g(-14). Suppose b*s = -5*z + 91, 0 = -5*z + 5*s + 127 - 52. Let p = 124 - 57. Calculate the remainder when p is divided by z.
16
Suppose -28 - 4 = -4*f. Suppose 5*a + 46*d - 44*d - 136 = 0, 2*d - 24 = -a. What is the remainder when a is divided by f?
4
Suppose 5*a + 2 = 3*v, 5*v + 3*a + 2 = -6. Let p be -4 - v/(4/56). Let j = 9 + p. What is the remainder when j is divided by 10?
9
Let o(d) = -5 - 6*d + 3*d + d - d. Suppose 12 + 6 = -5*i + t, -3*i = -4*t + 4. Calculate the remainder when 27 is divided by o(i).
6
Suppose 4*j + 3*z + 0*z = 18, z = -2. Suppose -d + 53 = 12. What is the remainder when d is divided by (33 - 0)*4/j?
19
Let f(m) = -m**3 + 12*m**2 - m + 12. Let s be f(12). Suppose 0 = 2*u + 5*n - 200, s*u - 2*n = 2*u - 212. What is the remainder when u is divided by 38?
34
Let k = -20 + 42. Suppose y - 120 = -7*y. Suppose -5*t + 4*z = -40, 100 - y = 5*t + 5*z. What is the remainder when k is divided by t?
10
Let o = -144 + 71. What is the remainder when 52 is divided by (-3)/5 - o/5?
10
What is the remainder when 155 is divided by (10 - (-322)/(-28))*106/(-3)?
49
Suppose -4*c - 108 = -4*m, -5*m - 4*c = -218 + 56. What is the remainder when 84 is divided by m?
24
Calculate the remainder when 244 is divided by 42/210 + 488/10.
48
Let i = 97 - 68. What is the remainder when i is divided by 12/30 + 38/5?
5
Suppose u = 4*h - 85, 12 + 18 = 2*h + 2*u. Calculate the remainder when h is divided by 2 - (1*-5 + 1).
2
Suppose 83*r - 80*r = 582. Suppose -5*h + 73 = 4*u - 164, 4*h + 4*u = 188. What is the remainder when r is divided by h?
47
Let t(b) = b**3 + 4*b**2 - 4*b - 5. Suppose -4*v + 20 = 0, n - 51 = -2*n - 3*v. What is the remainder when n is divided by t(-2)?
1
Let o(v) = -2*v + 58. Calculate the remainder when 64 is divided by o(17).
16
Let k(o) = -8*o + 207. Calculate the remainder when k(-7) is divided by 38.
35
Suppose -5*k + 6 + 19 = 0. Suppose -18 - 32 = -k*m. Calculate the remainder when 36 is divided by m.
6
Suppose 3*w + 24 = 4*w. Let d = 3 + -2. What is the remainder when (-4)/((-2)/23*d) is divided by w?
22
What is the remainder when (3/9)/(7/2499) is divided by 24?
23
Let h(t) = t**3 - 2*t**2 - 5*t + 4. Let p be h(3). Calculate the remainder when (-64)/(-3)*3*1 is divided by (-22)/(-8)*(-15 - 1)/p.
20
What is the remainder when (-4)/(-3)*(-201)/(-2) + 5 is divided by 28?
27
Suppose -4*d + 79 = -f, 0*d + 2*d - 52 = -2*f. Let h = -17 - -29. What is the remainder when d is divided by h?
9
Let d(t) be the first derivative of 83*t**6/360 - 2*t**3 - 8. Let y(h) be the third derivative of d(h). What is the remainder when y(-1) is divided by 21?
20
Let x(r) = 7*r**3 + 3*r**2 + 3*r - 3. Calculate the remainder when x(2) is divided by 12.
11
Let o(p) = p**3 + 2*p**2 - 34*p + 2. Let k be (0 - 1 - -1)/1. Suppose k = 3*x - 6*x + 39. Calculate the remainder when x is divided by o(5).
6
Suppose -5*a = -23 + 2573. What is the remainder when 113 is divided by 2/(-5) - (a/25 + -3)?
21
Let j(y) = 9*y - 9. Let o be j(14). Suppose -c + 2*t = -77, 5*c = 4*t - o + 472. Let p = c - 15. What is the remainder when p is divided by 14?
10
Let f(b) = -2*b + 37. What is the remainder when 167 is divided by f(-3)?
38
Let n(p) = -36*p**3 - p**2 + 5*p + 5. What is the remainder when 123 is divided by n(-1)?
18
Calculate the remainder when 2336 is divided by 11 - 2 - (-100)/10.
18
Let r(i) be the first derivative of -3*i**2/2 - 3*i + 8. Calculate the remainder when 9 is divided by r(-3).
3
Let i = 162 - 128. Calculate the remainder when i is divided by 18.
16
Let z(h) = 17*h + 154. Calculate the remainder when z(-3) is divided by 26.
25
Let b(c) = 2*c**2 + 19*c + 58. What is the remainder when 190 is divided by b(-5)?
8
Suppose -4*b + 32 = 4*f, 4*f - 4*b + 2 + 6 = 0. Let w be 3 - (6 - 3 - 8). Suppose -2 + w = f*h. Calculate the remainder when 2 is divided by h.
0
Suppose 0 = 5*l + 5*v - 915, 0 = 5*l + 3*v + 50 - 961. Calculate the remainder when l is divided by 56.
13
Suppose 0 = -2*c + 35 + 103. Suppose 62*q - 1025 = 463. Calculate the remainder when c is divided by q.
21
Suppose 49 + 50 = -3*o. Let t = o + 48. What is the remainder when 90/(-12)*(-84)/15 is divided by t?
12
Let d = 473 + -889. Let r = 587 + d. Calculate the remainder when r is divided by 44.
39
Suppose -14*g + 73 + 515 = 0. What is the remainder when 247 is divided by g?
37
Suppose b = 2*m + 59, 3*m - 6*m - 241 = -4*b. What is the remainder when b is divided by (14/(-7))/(4/(-18) + 0)?
7
Suppose -4*b + d - 3*d = -120, -b = 4*d - 23. Let l = b + -18. What is the remainder when 63 is divided by l?
11
Suppose -70*o = -52*o - 468. Let i(x) = -14*x - 5. What is the remainder when i(-4) is divided by o?
25
Let j(t) be the second derivative of -t**5/20 - t**4/3 - 5*t**3/6 + 2*t**2 + 3*t. Suppose -34 = -6*k + 20. Calculate the remainder when j(-4) is divided by k.
6
What is the remainder when 160 is divided by (-4)/22 - ((-112)/11 - -3)?
6
Let q be (0/(-2))/(-1) + 104. Suppose 2*w - q = -2. What is the remainder when w is divided by (-114)/(-4) - 219/146?
24
Suppose -15*w - 386 = -641. What is the remainder when 98 is divided by w?
13
Let x = -21 - -31. Let l = -9 + x. Let k(c) = 12*c**2 - 3*c + 2. What is the remainder when k(l) is divided by 7?
4
Suppose -2*k + 129 + 137 = 0. Calculate the remainder when 3 is divided by (38/k)/(1/7).
1
Let t = 6 - 13. Let d(s) = -s**3 - 7*s**2 - 3*s - 10. Let j = 362 - 343. What is the remainder when j is divided by d(t)?
8
Let p(v) = 4*v + 107. Let k be p(0). Let m = k + 6. What is the remainder when m is divided by 39?
35
Let g(h) = 2*h**3 - 5*h**2 + 7*h - 1. Let r be g(2). Calculate the remainder when 31 is divided by 35/3*r/5.
10
Suppose -4*t = -3*p - 94, 2*p - 8 = -2*t + 32. What is the remainder when 61 is divided by t?
17
Let k(h) = -h + 4. Let j be k(-7). Suppose 16*t = j*t + 95. What is the remainder when 73 is divided by t?
16
Let j(v) = -v**3 - 9*v**2 - 3*v + 67. What is the remainder when j(-10) is divided by 70?
57
Let d = 313 - 260. What is the remainder when 55 is divided by d?
2
Let c be (4 - 5)*5 - -49. Suppose -4*d = 16*a - 11*a - 28, -c = -5*d - 4*a. What is the remainder when d is divided by 8?
4
Suppose -3*g + 33 = -3*p, 5*g - 95 = -5*p - 10. Let i = g - 4. Calculate the remainder when i is divided by ((-6)/8)/(3/(-12)).
1
Let y = -14 + 18.